hat is the greatest common divisor of 21532 and 4?
4
What is the greatest common factor of 19917 and 27?
9
Calculate the greatest common factor of 447430 and 3030.
1010
Calculate the greatest common divisor of 657303 and 302.
151
What is the greatest common divisor of 780840 and 1296?
648
Calculate the highest common divisor of 178 and 35066.
178
Calculate the greatest common factor of 1329600 and 1500.
300
What is the highest common factor of 3122 and 134?
2
What is the highest common factor of 29 and 36685?
29
Calculate the greatest common divisor of 1055 and 27852.
211
What is the greatest common divisor of 217701 and 297?
297
What is the highest common factor of 1288 and 191176?
184
Calculate the greatest common divisor of 15 and 104485.
5
Calculate the highest common factor of 324 and 1888191.
81
What is the highest common factor of 34 and 62302?
2
Calculate the greatest common factor of 3975 and 7815.
15
What is the greatest common factor of 2600320 and 1920?
640
Calculate the greatest common divisor of 14336 and 1064.
56
Calculate the highest common factor of 2535 and 7943.
169
Calculate the greatest common divisor of 253828 and 2300.
92
What is the greatest common factor of 12723454 and 62?
62
What is the greatest common divisor of 2030 and 551?
29
Calculate the highest common factor of 195830 and 10.
10
Calculate the highest common factor of 160 and 153160.
40
What is the highest common divisor of 254800 and 25?
25
Calculate the greatest common divisor of 293 and 237330.
293
What is the highest common divisor of 530128 and 5168?
272
Calculate the greatest common factor of 199744 and 1088.
64
Calculate the highest common factor of 10934 and 37114.
154
Calculate the highest common divisor of 3050 and 5429.
61
What is the highest common divisor of 1744106 and 1036?
518
What is the highest common factor of 56 and 8263724?
28
What is the greatest common divisor of 7627 and 232?
29
Calculate the greatest common factor of 602 and 23306.
86
What is the highest common divisor of 288 and 41103?
9
What is the greatest common divisor of 9736 and 44?
4
Calculate the greatest common divisor of 929068 and 28.
28
Calculate the highest common divisor of 60902 and 5254.
74
What is the greatest common factor of 17416 and 448?
56
What is the greatest common divisor of 468 and 123149?
13
Calculate the highest common factor of 1860 and 61740.
60
Calculate the highest common factor of 76 and 1360476.
76
What is the greatest common factor of 181951 and 7469?
77
Calculate the highest common divisor of 522 and 88798.
58
Calculate the greatest common divisor of 32848 and 22.
2
Calculate the greatest common divisor of 94248 and 4851.
693
What is the highest common divisor of 1687 and 24341?
241
What is the highest common divisor of 5508 and 4692?
204
Calculate the greatest common divisor of 148 and 96644.
148
What is the greatest common divisor of 209644 and 51?
17
Calculate the greatest common factor of 2379 and 200019.
183
Calculate the highest common factor of 1910804 and 196.
196
What is the greatest common factor of 409010 and 70?
70
What is the greatest common divisor of 27 and 1787?
1
What is the highest common divisor of 12564 and 612?
36
Calculate the greatest common factor of 1764 and 21420.
252
What is the greatest common divisor of 7390782 and 126?
126
What is the highest common factor of 150 and 6767350?
50
Calculate the highest common factor of 77 and 991.
1
Calculate the greatest common divisor of 248 and 49424.
8
Calculate the highest common factor of 91 and 3453021.
13
Calculate the greatest common factor of 7623 and 276606.
1089
Calculate the greatest common factor of 315 and 114485.
35
What is the highest common divisor of 9964 and 4929?
53
Calculate the highest common divisor of 3773 and 68365.
11
What is the greatest common factor of 240 and 750?
30
What is the greatest common divisor of 280 and 1727670?
70
What is the highest common factor of 228 and 313652?
76
Calculate the highest common divisor of 30452 and 989.
23
Calculate the greatest common divisor of 10935 and 90.
45
Calculate the greatest common factor of 216 and 9270.
18
What is the greatest common divisor of 64503 and 270?
27
Calculate the highest common factor of 5032 and 2108.
68
Calculate the highest common factor of 67914 and 252.
126
Calculate the highest common divisor of 130960 and 320.
80
Calculate the greatest common factor of 59318 and 42.
14
Calculate the greatest common divisor of 88 and 65923.
11
What is the highest common factor of 820 and 390730?
410
Calculate the highest common factor of 390 and 219297.
39
What is the highest common factor of 43659 and 392?
49
What is the highest common divisor of 24 and 4304424?
24
Calculate the greatest common divisor of 24529 and 2717.
19
What is the greatest common factor of 1992 and 321459?
249
Calculate the greatest common factor of 260 and 12584.
52
Calculate the greatest common factor of 7 and 15043.
7
What is the highest common factor of 759 and 4334649?
759
Calculate the highest common factor of 18146 and 1806.
86
What is the greatest common divisor of 11990 and 68234?
218
What is the highest common divisor of 310 and 10633?
31
What is the highest common divisor of 954 and 38898?
18
What is the highest common factor of 93499 and 3367?
259
Calculate the greatest common factor of 525759 and 10608.
663
What is the highest common factor of 1125085 and 13585?
1235
What is the greatest common factor of 329 and 39997?
47
Calculate the greatest common factor of 222952 and 128.
8
Calculate the highest common factor of 158033 and 23.
23
Calculate the highest common factor of 1078 and 14608.
22
What is the greatest common divisor of 1507 and 13015?
137
What is the greatest common divisor of 24 and 4397544?
24
What is the highest common divisor of 832 and 23907?
13
What is the greatest common divisor of 316 and 859204?
316
Calculate the highest common factor of 4202 and 286.
22
What is the highest common factor of 368 and 56?
8
Calculate the greatest common divisor of 360666 and 54.
54
Calculate the highest common divisor of 23731 and 152.
19
Calculate the greatest common divisor of 262449 and 29040.
363
What is the greatest common divisor of 261 and 7810947?
261
Calculate the greatest common divisor of 39 and 520169.
13
Calculate the greatest common divisor of 770848 and 24.
8
What is the highest common divisor of 4302 and 129538?
478
What is the greatest common divisor of 171 and 11096?
19
What is the greatest common factor of 350819 and 161?
161
What is the highest common factor of 2432 and 60544?
128
What is the highest common divisor of 13493 and 3502?
103
What is the highest common factor of 8507 and 49115?
47
Calculate the greatest common divisor of 160 and 7780.
20
Calculate the greatest common divisor of 18300 and 7900.
100
What is the greatest common factor of 25941 and 177?
3
Calculate the highest common divisor of 1728 and 23301.
27
What is the highest common factor of 12 and 30752688?
12
What is the greatest common divisor of 117406 and 2914?
94
Calculate the greatest common divisor of 286 and 1380938.
26
Calculate the greatest common divisor of 713 and 136919.
23
What is the greatest common divisor of 2792 and 5784?
8
What is the highest common divisor of 120354 and 4758?
78
Calculate the greatest common factor of 57145 and 275.
55
Calculate the highest common factor of 2775 and 255.
15
Calculate the greatest common divisor of 84 and 278418.
42
Calculate the greatest common divisor of 5440 and 3128.
136
Calculate the highest common factor of 364 and 2036125.
91
Calculate the greatest common divisor of 29318 and 35620.
274
What is the highest common divisor of 138 and 53337?
69
What is the greatest common divisor of 724 and 24254?
362
What is the greatest common factor of 38808 and 154?
154
Calculate the highest common divisor of 8372 and 116564.
644
What is the highest common divisor of 1859 and 6761183?
1859
What is the highest common factor of 15730 and 180?
10
Calculate the greatest common divisor of 376 and 7097.
47
Calculate the greatest common divisor of 27 and 952299.
9
What is the greatest common factor of 323 and 247?
19
Calculate the greatest common divisor of 105 and 7035.
105
Calculate the highest comm